2003 ANNUAL CLIMATOLOGICAL SUMMARY

NAME: 3270 Nowell  CITY: West Juneau   STATE: Alaska  
ELEV:    97 ft  LAT: 58 17' 33" N  LONG: 134 25' 37" W

               TEMPERATURE (F), HEAT BASE 65.0, COOL BASE 65.0
                          DEP.  HEAT  COOL                                          
        MEAN  MEAN        FROM  DEG   DEG                        MAX  MAX  MIN  MIN 
 YR MO  MAX   MIN   MEAN  NORM  DAYS  DAYS  HI  DATE  LOW  DATE  >=90 <=32 <=32 <=0 
------------------------------------------------------------------------------------
 03  1  36.8  29.3  32.9   0.0   994     0  45.8   4  17.5   23    0    7   19    0
 03  2  36.4  29.2  32.6   0.0   906     0  42.8  15  11.9   22    0    4   15    0
 03  3  37.7  25.9  32.0   0.0  1024     0  49.8  26   9.7   11    0    9   22    0
 03  4  51.8  33.3  42.5   0.0   679     4  74.7  26  19.2    4    0    1    8    0
 03  5  56.9  38.8  48.1   0.0   524     0  67.4   9  28.8    5    0    0    3    0
 03  6  60.2  47.6  53.7   0.0   346     6  74.4  10  42.8    3    0    0    0    0
 03  7  64.6  52.5  57.9   0.0   235    14  76.7  11  48.9    7    0    0    0    0
 03  8  62.1  48.9  55.2   0.0   318    14  77.6   7  41.1   23    0    0    0    0
 03  9  53.8  45.2  49.1   0.0   477     0  62.3  29  36.5   22    0    0    0    0
 03 10  50.2  40.0  44.7   0.0   630     0  61.6   2  25.0   30    0    0    4    0
 03 11  35.5  27.2  31.4   0.0  1002     0  45.4  12  15.7   19    0    6   21    0
 03 12  36.1  29.0  32.8   0.0   999     0  46.8   2  13.1   28    0    7   21    0
------------------------------------------------------------------------------------
        48.6  37.3  42.8   0.0  8133    38  77.6 AUG   9.7  MAR    0   34  113    0
Nov 9 - 10: Incomplete Data for some information.

                                PRECIPITATION (in)

              DEP.   MAX        DAYS OF RAIN 
              FROM   OBS.          OVER
 YR MO  TOTAL NORM   DAY  DATE .01   .1   1
--------------------------------------------
 03  1  6.48  0.55  1.27    5   19   11    2
 03  2  2.78 -2.63  0.87    2   13    6    0
 03  3  3.56*-1.84  0.76    1   19   12    0
 03  4  1.09 -3.03  0.31   15   11    4    0
 03  5  3.50 -1.37  0.81   12   13    9    0
 03  6  4.42  0.67  0.84   19   20   15    0
 03  7  4.07 -1.08  0.78   21   16    8    0
 03  8  5.78 -1.25  0.88   30   20   12    0
 03  9 13.85  1.73  2.14   27   24   22    6
 03 10  5.82 -7.45  1.05   25   18   14    1
 03 11  8.41  0.42  2.04   12   18   13    2
 03 12  8.92 -0.18  0.96   19   22   15    0
--------------------------------------------
       68.68-15.46  2.14  SEP  213  141   11
*SEE MAR. 2003, On March 17 much of precip. from snow that day not measured.

                                WIND SPEED (mph)

                          DOM   WIND
 YR MO   AVG.  HI   DATE  DIR   RUN (mi)
--------------------------------------
 03  1   2.8  41.0   26     E   NA
 03  2   2.1  33.0   20     E   NA
 03  3   3.5  50.0   12     N   NA
 03  4   3.2  31.0   10   SSE   NA
 03  5   2.8  28.0    3   ENE   NA
 03  6   2.2  21.0   11   ENE   NA
 03  7   1.7  25.0   13   ENE   1267
 03  8   2.1  22.0    9     E   1531
 03  9   2.2  29.0   17   ENE   1575
 03 10   2.4  37.0   16   ENE   1820
 03 11   2.4  25.0   14   SSE   1723+ 
 03 12   2.9  39.0    4    SE   2120
--------------------------------------
         2.5  50.0  MAR  ENE   10,036 miles+


2003 Barometer & Temperature at 3270 Nowell.

2003 Dewpoint at 3270 Nowell.

2003 Humidity at 3270 Nowell.

2003 Rain & High Rain Rate at 3270 Nowell.

2003 High Wind & Wind Run at 3270 Nowell.